h(p) = -p**3 + 33*p**2 - 34*p + 56. Let w be h(32). Let j be 14 + w + -1 + 12. Calculate the highest common divisor of 1071 and j.
17
Suppose -5*s + 62 = -2*w + 4*w, s - 4*w - 8 = 0. What is the greatest common divisor of s and 330?
6
Let n(u) = 20*u**2 + 14*u + 25. Let w be n(-2). Suppose -r + b = r - w, -2*r = -4*b - 92. Calculate the greatest common divisor of 54 and r.
18
Let h = 885 + -90. Suppose 0*p = p - h. Suppose 4*o - s - 1535 = 0, -2*o = -0*o + 5*s - p. What is the highest common factor of o and 35?
35
Let z be (16896/(-184))/(-2) - (-4)/46. Let i = 1758 + -1022. What is the greatest common divisor of z and i?
46
Let i = 11 + 21. Let s = i + -33. Let v be -9*(-9 - 1) - (3 + s). What is the greatest common factor of 8 and v?
8
Suppose 2*y = 5*y - 72. Suppose 15*w = 168 + 27. Let r be (-80)/(-13) + 0 + (-2)/w. Calculate the greatest common divisor of y and r.
6
Suppose -3*s - 4*m + 1107 - 231 = 0, 2*m = 2*s - 570. Calculate the highest common factor of 477 and s.
9
Let h = -191 + 207. Let m(j) = -5*j - 1. Let x be m(-1). What is the highest common factor of x and h?
4
Suppose 11*q = 4*f + 16*q - 327, 5*f + 2*q = 430. What is the highest common factor of f and 184?
8
Let p(d) = -d**2 + 15*d - 44. Let z be p(10). Let f be 56*(175/28 - z). What is the highest common divisor of 182 and f?
14
Suppose -2*t - 4*t + 108 = 0. Suppose -15*c + 378 = -c. Calculate the highest common divisor of t and c.
9
Let c = 6845 - 6775. Suppose 0 = -5*o, -2*o = 6*g - g - 100. Suppose -2*f + 0*f + g = 0. Calculate the highest common factor of f and c.
10
Let v(b) = -b + 14. Let d be v(5). Suppose d*i - 77 = 4. Calculate the highest common divisor of 207 and i.
9
Let n(y) = 237*y**2 - 11*y - 2. Let z be n(1). What is the greatest common factor of z and 364?
28
Suppose 3*v - 200*r + 205*r = 251, 2*v + 2*r - 158 = 0. Suppose -2*g - g = -702. Calculate the highest common factor of v and g.
18
Suppose -5*a = 2*t - 139, -5*a - 98*t + 100*t = -131. Let z(x) = -2*x - 5. Let k be z(-7). Calculate the greatest common divisor of a and k.
9
Let i(g) = 18*g + 3. Let t be i(-2). Let k = t + 33. Suppose -3*f + 64 = b - 3*b, 3*f - 5*b - 79 = k. What is the highest common divisor of f and 9?
9
Let l be (8 - 7)*((-144)/14)/(13/(-182)). Calculate the highest common factor of 5688 and l.
72
Suppose 3*k = -3, 27*k + 121 = 5*v + 26*k. Calculate the greatest common factor of 136 and v.
8
Suppose 3*d - 12 = d. Suppose 668 + 628 = 203*t - 328. Calculate the greatest common factor of d and t.
2
Suppose 420 = -26*j + 54*j. Let n(i) = 21*i - 94. Let p be n(j). What is the greatest common divisor of 52 and p?
13
Suppose 338*z - 41629 - 120949 = 0. Suppose 0*i = -3*i + 5*y + 328, -2*y = -2. What is the greatest common factor of z and i?
37
Let u(x) = -2*x**3 - 30*x**2 - 4*x + 92. Let h be u(-15). What is the greatest common divisor of h and 133?
19
Let y = -26993 + 27077. Suppose 0*q + 315 = 5*q. What is the greatest common factor of q and y?
21
Let q(s) be the second derivative of 11*s**3/6 + 39*s**2 - 2*s - 6. Let b be q(-7). Suppose -3*u - u + 44 = 0. Calculate the highest common factor of b and u.
1
Let f(u) = u - 13. Let k = 524 + -503. Let l be f(k). Calculate the greatest common divisor of l and 6.
2
Let c(v) = -8*v**3 - 48*v**2 - 6*v - 2. Let u be c(-6). Calculate the highest common factor of u and 3638.
34
Let c = 5539 + -417. Calculate the greatest common factor of c and 78.
26
Let a be 24/(10/(-25)*1 + (-116)/(-240)). What is the greatest common factor of 3488 and a?
32
Suppose -3*q = 3*n - 618, 757 + 81 = 4*q - 3*n. What is the greatest common factor of 11336 and q?
104
Let c(t) = -11*t**2 - 4 - 3*t**2 - 13*t**2 + 31*t - 9*t + 25*t**2. Let k be c(4). What is the greatest common divisor of 208 and k?
52
Let y = -22 - -207. Let c(b) = 11*b + 17. Let l be c(9). Suppose 4*s - o = 143, 3*s - 4*o + 5*o = l. What is the greatest common divisor of y and s?
37
Let v = 238 + -184. Suppose 3*r + u - 5*u - 208 = 0, 0 = -r + 2*u + 68. Calculate the highest common divisor of r and v.
18
Let m be (-33 - 3)*(-6)/90*5. What is the highest common divisor of 2364 and m?
12
Let i(k) = -k**3 - 4*k**2 + 4*k - 21. Let u be i(-7). Let x = u - 28. What is the highest common divisor of 112 and x?
14
Let l(c) = -16*c - 56. Let k be l(-5). Let x = -99 - -102. Suppose 3*z - 129 = -x*b, 4*z = z - 15. Calculate the highest common factor of b and k.
24
Let o be -2 - (-154 + (-6)/(-3)). Let p(f) = -55 - 46 - 7*f - 3*f - 20 - 14. Let v be p(-15). What is the greatest common divisor of v and o?
15
Let j = 220 - -564. Let x(o) = 4*o**2 + 60*o + 153. Let n be x(-2). Calculate the greatest common factor of j and n.
49
Let f be 4/5 + 57528/940. What is the greatest common factor of 2201 and f?
31
Let l be (-19)/(-5) + 1 + (-16)/(-80). Let t(m) = 4*m + 3*m**3 - l*m - 31 + 31 + m**2. Let z be t(2). Calculate the greatest common factor of z and 260.
26
Let q(x) = x**3 - 19*x**2 - 21*x + 19. Let w be -1 + 24 + (-18)/(4 - -2). Let b be q(w). Let p be b*9*14/(-2). What is the greatest common factor of p and 42?
21
Suppose 0 = -34*i + 28*i + 480. Suppose 62*o = 9*o + 5088. What is the greatest common factor of i and o?
16
Let z = 40651 - 40573. What is the greatest common divisor of 3107 and z?
13
Let c be 1*(-5 + 4) + 1/1. Suppose 2*g + 89 = m - 0*m, -3*g + m - 134 = c. Let f = -6 - g. What is the highest common factor of 195 and f?
39
Suppose 19015 + 270 = 81*x - 1451. Calculate the greatest common divisor of x and 3.
1
Let d(r) = -3*r - 12. Let n = 77 + -85. Let s be d(n). Calculate the highest common factor of 20 and s.
4
Suppose -4*x + d + 5106 = 0, -4*x - 6414 = -9*x - 4*d. What is the highest common factor of x and 198?
18
Let p(m) = 38*m**2 + 33*m - 113. Let g be p(3). Calculate the greatest common factor of g and 128.
8
Let q be (2 - 66/(-44))*14. What is the highest common factor of 3486 and q?
7
Suppose 42208 = 5*v + 4*r, 5*r = 3*v + r - 25312. Calculate the greatest common divisor of v and 40.
40
Suppose -2*k + 27*p = 26*p - 191, 3*p = 3. Let f = 39 + k. What is the greatest common divisor of f and 81?
27
Suppose -214 = 3*i - 4*j, -4*j + 29 + 119 = -2*i. Let m = 88 + i. What is the greatest common factor of m and 374?
22
Suppose c - 2*o - 143 = 0, 0 = 16*c - 14*c + 4*o - 318. What is the highest common factor of 151 and c?
151
Suppose 82*u - 268 = 78*u - 2*l, -u = 5*l - 76. What is the highest common divisor of 638 and u?
22
Suppose -2*t + 0 = -12. Let a(x) = 3*x - 3. Let i be a(t). Let v be (-342)/(-285)*(6 - 1). What is the highest common divisor of v and i?
3
Let z be (1*(-36)/45)/(6/(-3360)). Calculate the greatest common factor of 644 and z.
28
Let p be (-14)/(-378)*-2 + ((-12881)/(-27) - 0). Calculate the highest common divisor of p and 15.
3
Suppose 8*q + 5*b = 227, 5*b - 103 = -5*q + 52. Calculate the greatest common divisor of q and 1454.
2
Let w(p) = -21*p - 31. Let a be w(-1). Let c be ((-8)/20)/(-1) - 396/a. What is the greatest common factor of 56 and c?
8
Let k be 15/21 - (-2)/7 - (-69 - 219). What is the highest common factor of 187 and k?
17
Let a be -3 - 7/((-21)/24). Let j = -11 - -37. Suppose -j - 74 = -a*s. Calculate the highest common divisor of s and 4.
4
Suppose -2*y - 15 + 49 = 4*a, 0 = 4*y - 4*a - 20. Suppose 81 = 3*v - 3*i, -32 = -v - i - y. Calculate the greatest common factor of v and 10.
5
Suppose -190*p = -192*p. Suppose 15*r + 62 - 182 = p. Calculate the highest common divisor of r and 6.
2
Let m = 136 + -10. Suppose 4*i + 30 - m = -r, -2*r - 2*i + 174 = 0. Calculate the highest common factor of r and 12.
12
Let f = -15988 - -16278. Calculate the greatest common factor of 1885 and f.
145
Let z be 5 + 100 + ((-14)/4)/((-9)/18). Calculate the greatest common divisor of z and 98.
14
Suppose -209 + 221 = 4*p. Let i be 27/9 + 1/1. Suppose -i*h + 15 = -5*w, 0*h - 2 = p*w - h. Calculate the greatest common factor of 11 and w.
1
Let v(t) be the second derivative of -t**5/20 + 11*t**4/12 + 3*t**3 - 16*t**2 + 29*t - 2. Let n be v(12). Calculate the greatest common divisor of 32 and n.
8
Let j(u) = -110*u + 76. Let a be j(-6). Let c = a - 524. Calculate the greatest common divisor of 159 and c.
53
Let i be (8/(-20))/(1/(-320)). Let z = 908 - 506. Let q = z + -386. Calculate the greate